en 3459 is divided by 44.
27
What is the remainder when 949 is divided by 175?
74
Calculate the remainder when 1796 is divided by 123.
74
What is the remainder when 1192 is divided by 19?
14
What is the remainder when 758 is divided by 40?
38
Calculate the remainder when 194 is divided by 9.
5
Calculate the remainder when 245 is divided by 93.
59
Calculate the remainder when 669 is divided by 15.
9
What is the remainder when 40 is divided by 5?
0
What is the remainder when 2295 is divided by 31?
1
What is the remainder when 4506 is divided by 16?
10
Calculate the remainder when 417 is divided by 20.
17
Calculate the remainder when 151 is divided by 13.
8
What is the remainder when 14899 is divided by 20?
19
Calculate the remainder when 1215 is divided by 109.
16
Calculate the remainder when 893 is divided by 334.
225
Calculate the remainder when 46 is divided by 24.
22
Calculate the remainder when 82 is divided by 32.
18
What is the remainder when 309 is divided by 104?
101
Calculate the remainder when 875 is divided by 13.
4
What is the remainder when 424 is divided by 33?
28
What is the remainder when 675 is divided by 171?
162
What is the remainder when 13 is divided by 5?
3
Calculate the remainder when 537 is divided by 24.
9
Calculate the remainder when 30 is divided by 9.
3
Calculate the remainder when 307 is divided by 12.
7
Calculate the remainder when 1235 is divided by 496.
243
What is the remainder when 3558 is divided by 55?
38
What is the remainder when 45 is divided by 20?
5
What is the remainder when 772 is divided by 38?
12
What is the remainder when 2935 is divided by 269?
245
What is the remainder when 707 is divided by 59?
58
What is the remainder when 1691 is divided by 37?
26
What is the remainder when 206 is divided by 102?
2
Calculate the remainder when 125 is divided by 44.
37
Calculate the remainder when 186 is divided by 81.
24
What is the remainder when 44 is divided by 7?
2
What is the remainder when 129 is divided by 57?
15
Calculate the remainder when 216 is divided by 55.
51
Calculate the remainder when 1362 is divided by 71.
13
What is the remainder when 92 is divided by 14?
8
What is the remainder when 1948 is divided by 122?
118
What is the remainder when 1075 is divided by 118?
13
What is the remainder when 716 is divided by 72?
68
Calculate the remainder when 3303 is divided by 821.
19
Calculate the remainder when 8878 is divided by 222.
220
What is the remainder when 130 is divided by 4?
2
What is the remainder when 4672 is divided by 25?
22
Calculate the remainder when 2726 is divided by 2714.
12
Calculate the remainder when 8085 is divided by 26.
25
What is the remainder when 227 is divided by 33?
29
What is the remainder when 529 is divided by 490?
39
Calculate the remainder when 2810 is divided by 19.
17
What is the remainder when 462 is divided by 34?
20
Calculate the remainder when 9300 is divided by 131.
130
Calculate the remainder when 174 is divided by 62.
50
Calculate the remainder when 127 is divided by 15.
7
Calculate the remainder when 72 is divided by 10.
2
What is the remainder when 1628 is divided by 538?
14
What is the remainder when 673 is divided by 17?
10
What is the remainder when 2866 is divided by 954?
4
Calculate the remainder when 39843 is divided by 6.
3
What is the remainder when 158 is divided by 67?
24
Calculate the remainder when 196 is divided by 33.
31
Calculate the remainder when 1384 is divided by 235.
209
Calculate the remainder when 1200 is divided by 67.
61
Calculate the remainder when 327 is divided by 82.
81
What is the remainder when 3540 is divided by 22?
20
Calculate the remainder when 37 is divided by 27.
10
Calculate the remainder when 4616 is divided by 30.
26
What is the remainder when 26542 is divided by 19?
18
What is the remainder when 696 is divided by 679?
17
Calculate the remainder when 8895 is divided by 12.
3
What is the remainder when 456 is divided by 66?
60
Calculate the remainder when 167 is divided by 56.
55
Calculate the remainder when 342 is divided by 110.
12
Calculate the remainder when 2242 is divided by 132.
130
What is the remainder when 55 is divided by 27?
1
What is the remainder when 272 is divided by 39?
38
What is the remainder when 91 is divided by 71?
20
What is the remainder when 147 is divided by 41?
24
What is the remainder when 132 is divided by 77?
55
What is the remainder when 277 is divided by 64?
21
What is the remainder when 546 is divided by 137?
135
What is the remainder when 4721 is divided by 249?
239
What is the remainder when 369 is divided by 122?
3
Calculate the remainder when 18798 is divided by 11.
10
Calculate the remainder when 450 is divided by 7.
2
Calculate the remainder when 777 is divided by 12.
9
What is the remainder when 631 is divided by 209?
4
Calculate the remainder when 3182 is divided by 17.
3
Calculate the remainder when 411 is divided by 52.
47
What is the remainder when 629 is divided by 131?
105
What is the remainder when 53 is divided by 45?
8
What is the remainder when 1221 is divided by 41?
32
What is the remainder when 304 is divided by 31?
25
Calculate the remainder when 1475 is divided by 486.
17
What is the remainder when 112 is divided by 108?
4
Calculate the remainder when 3054 is divided by 277.
7
What is the remainder when 600 is divided by 185?
45
Calculate the remainder when 83 is divided by 24.
11
Calculate the remainder when 94 is divided by 25.
19
What is the remainder when 231 is divided by 16?
7
Calculate the remainder when 1000 is divided by 320.
40
What is the remainder when 210 is divided by 73?
64
Calculate the remainder when 1289 is divided by 30.
29
Calculate the remainder when 104 is divided by 23.
12
Calculate the remainder when 824 is divided by 274.
2
Calculate the remainder when 454 is divided by 35.
34
What is the remainder when 73 is divided by 60?
13
Calculate the remainder when 814 is divided by 20.
14
What is the remainder when 331 is divided by 108?
7
What is the remainder when 15386 is divided by 69?
68
Calculate the remainder when 491 is divided by 17.
15
Calculate the remainder when 197 is divided by 41.
33
What is the remainder when 49 is divided by 19?
11
Calculate the remainder when 30 is divided by 16.
14
Calculate the remainder when 3955 is divided by 172.
171
What is the remainder when 46 is divided by 38?
8
Calculate the remainder when 3165 is divided by 351.
6
Calculate the remainder when 934 is divided by 266.
136
Calculate the remainder when 867 is divided by 222.
201
What is the remainder when 98 is divided by 9?
8
What is the remainder when 950 is divided by 29?
22
Calculate the remainder when 225 is divided by 57.
54
What is the remainder when 239 is divided by 41?
34
Calculate the remainder when 213 is divided by 36.
33
What is the remainder when 47 is divided by 18?
11
What is the remainder when 818 is divided by 82?
80
What is the remainder when 888 is divided by 287?
27
Calculate the remainder when 259 is divided by 93.
73
Calculate the remainder when 119 is divided by 18.
11
Calculate the remainder when 533 is divided by 137.
122
What is the remainder when 143 is divided by 38?
29
Calculate the remainder when 16088 is divided by 31.
30
What is the remainder when 210 is divided by 6?
0
What is the remainder when 710 is divided by 8?
6
Calculate the remainder when 11804 is divided by 5896.
12
Calculate the remainder when 311 is divided by 54.
41
Calculate the remainder when 1349 is divided by 52.
49
What is the remainder when 78 is divided by 38?
2
What is the remainder when 139 is divided by 16?
11
What is the remainder when 559 is divided by 138?
7
Calculate the remainder when 146 is divided by 10.
6
Calculate the remainder when 1628 is divided by 404.
12
Calculate the remainder when 9881 is divided by 48.
41
Calculate the remainder when 959 is divided by 51.
41
Calculate the remainder when 267 is divided by 89.
0
Calculate the remainder when 838 is divided by 391.
56
What is the remainder when 190 is divided by 32?
30
Calculate the remainder when 687 is divided by 13.
11
Calculate the remainder when 613 is divided by 14.
11
What is the remainder when 119 is divided by 26?
15
Calculate the remainder when 5083 is divided by 45.
43
Calculat